- 4*w - 3 = -24, -2*w = q - 13. Let n(i) = -1 + i + 1 + q. What are the prime factors of n(5)?
2, 5
Let f(l) = 5*l + 37. What are the prime factors of f(16)?
3, 13
Suppose -3*b + j + 426 = -2*j, -4*j = b - 142. What are the prime factors of b?
2, 71
Let g = -46 + 287. List the prime factors of g.
241
Suppose 0 = 4*r + 2*a - 28, 0 = -a - 0*a + 2. Let b(m) = -1 - 3*m - 2*m**2 + m**3 + r - 2. What are the prime factors of b(3)?
3
Suppose -4*g - 11 = -39. Let u(b) = -b - 3. Let a(v) = 4*v + 9. Let p(w) = 6*a(w) + 21*u(w). List the prime factors of p(g).
2, 3
List the prime factors of 1 + 87/15 + 1/5.
7
Suppose 2*o + 4 = 4*o. Let f = o - 2. Let x(p) = -p**3 - p**2 + 11. What are the prime factors of x(f)?
11
Let g(m) = -m**3 + 2. Let y be g(-3). Let p be -3*(-1 - 0) - y. List the prime factors of p/(-6) - 1/3.
2
Suppose 4*z = 4*c - 2*c + 18, z - c = 7. Suppose 0 = 3*v + z*v. Suppose 2*h - 3*h - 3*o = 6, 2*h + 5*o + 8 = v. List the prime factors of h.
2, 3
Let a = -11 - -19. Suppose 0 = 4*c - 5*t - 32, -3*c + t = -5 - a. Suppose c*f + m - 1 = 0, 3*f + 2 = -f - 2*m. What are the prime factors of f?
2
Let s(n) = n**3 + 2*n**2 - 3*n + 4. Let k be s(-3). Suppose -16 = -5*j + k. Suppose -2*x = 5*t - 79, -j*x = 3*t + 2*t - 83. What are the prime factors of t?
3, 5
Let s(y) = -y**3 + 2*y**2 + 2*y + 1. Let h be s(-2). Let m = h - 9. What are the prime factors of m?
2
Suppose -2*v + a = -34, -5*a - 10 = -3*v + 27. What are the prime factors of v?
19
Let v(f) be the second derivative of f**3/6 + 4*f**2 + f. List the prime factors of v(0).
2
Let m be -2 - (-9 - -2)/1. Suppose -3*x = 3*i - 2 + 5, -m*i - x + 7 = 0. List the prime factors of i.
2
Suppose -7*f + 444 = -f. List the prime factors of f.
2, 37
Suppose 0 = -m + 6 + 3. Let s be (-14)/(-18) + 2/m. List the prime factors of ((-4)/(-5))/(s/15).
2, 3
Let s(w) = 5*w + 10. Let h(a) = 5*a + 10. Let o(x) = -7*h(x) + 6*s(x). List the prime factors of o(-9).
5, 7
Suppose 11 + 10 = v. What are the prime factors of v?
3, 7
Let j be 12/(-20) - (-62)/(-5). Let y = 2 - j. List the prime factors of y.
3, 5
Let b = 10 + -6. Suppose b*m - 29 = 31. What are the prime factors of m?
3, 5
Let p = 63 - 25. What are the prime factors of p?
2, 19
Let y(b) = 10*b**2 - 2. What are the prime factors of y(2)?
2, 19
Suppose 0 = -4*w + 2*v + 22, w - 6*w - 2*v + 23 = 0. Suppose -l + 0 = 5*s - 3, w*l - 75 = -5*s. List the prime factors of l.
2, 3
Let c = 6 - 11. Let s be ((-24)/5)/((-1)/c). Let x = s - -36. List the prime factors of x.
2, 3
Let g(w) = 51*w**2 - w + 1. List the prime factors of g(-1).
53
Suppose 45 = 8*w - 3*w. Suppose 0 = -2*l - 4*j + 6, -l + w = 2*l - 5*j. Suppose -2*x + 22 = 2*h + 2*x, 3 = l*x. What are the prime factors of h?
3
Suppose b = d - 6, 2*b - 3*b + 24 = 4*d. Suppose -3*t + 0 - 6 = 0. Let m = d - t. What are the prime factors of m?
2
Let w = -4 - -5. What are the prime factors of 18 + (w - 3 - -5)?
3, 7
Suppose 4*x + 13 - 77 = 0. Suppose t = -0 + x. What are the prime factors of t?
2
Suppose -3*r = 42 + 9. Let l = -11 - r. List the prime factors of l.
2, 3
Suppose 3*a - 2*a + 9 = 0. Let c = a + 13. Suppose -c*u = -0*u - 28. What are the prime factors of u?
7
Suppose p + 3*p - 5*b - 7 = 0, b = 1. Let d be ((-8)/(-10))/(p/15). Suppose d*c = -0*c + 28. What are the prime factors of c?
7
Let t(o) = -o + 3 + 5*o + o**2 + 0*o. Let p be t(-4). Suppose 0 = -2*r - 4*s + 12, p*r = -4*s + 5 + 17. List the prime factors of r.
2, 5
Suppose 0 = -0*k + 5*k - 910. What are the prime factors of k?
2, 7, 13
Let w = 2 - 1. Let t be 0 - 2*(-2 + w). Suppose t*v + 0*v = 22. What are the prime factors of v?
11
Suppose 5*k + 205 = 5*x, 2*x = -0*x - 4*k + 106. List the prime factors of x.
3, 5
Let l = 5 + -3. Let j be 9/(-6) + l/(-4). Let p = 5 + j. What are the prime factors of p?
3
List the prime factors of (4/(-6))/2 - 1416/(-9).
157
Let h = 0 - -25. List the prime factors of h.
5
Suppose -2*d + 48 = -22. List the prime factors of d.
5, 7
Let f(t) = -t**3 + 7*t**2 - t + 10. Let s be f(7). Suppose 4*k = -k + 3*z + 47, -4*z + 34 = s*k. List the prime factors of k.
2, 5
Suppose w = -0*w - 2. Let t be 5 - (0 + 2 + w). Suppose -3*d + 2*g + 21 = 0, t*g = g. List the prime factors of d.
7
Suppose -3*s + 3 = -9. Suppose -2 = s*o - 2*i, -4*o - 4*i = i + 9. What are the prime factors of (o - -11)*4/8?
5
Let m = -31 + 53. What are the prime factors of m?
2, 11
Suppose 5*n - 20 = 5*c, 0*c + 2*c - 2 = 0. What are the prime factors of n?
5
Suppose -7*q = -12*q + 45. What are the prime factors of q?
3
Suppose 0 = b + 3*p + p + 3, 0 = -5*p. Let y be ((-2)/3)/(b/9). Suppose y*c = -c + 6. What are the prime factors of c?
2
Let l be 18/(-8) + 1/4. Let z(v) = 2*v**3 + 2*v**2 + 2*v + 1. Let j be z(l). Let q = -4 - j. What are the prime factors of q?
7
Suppose c - 6*c = 0. Let v(q) = q**3 + q**2 + q + 2. Let t be v(c). Suppose t*j = -2*a + 16, 22 = 3*j - 4*a - 9. What are the prime factors of j?
3
Suppose 0 = 5*f + 2*m - 5*m - 249, m = 3*f - 151. What are the prime factors of f?
3, 17
Let b be ((-36)/(-8))/((-3)/(-4)). List the prime factors of (-9)/b - (-110)/4.
2, 13
Suppose 5*h - 200 = -5*l, -4*l + 3*h + 172 = 4*h. What are the prime factors of l?
2, 11
What are the prime factors of 15/(-10) + 25/2?
11
Let f be ((-10)/(-3))/(2/3). Let s(d) = d**3 - 5*d**2 + d + 5. Let y be s(f). Suppose 0 = -v - 0 + y. List the prime factors of v.
2, 5
Suppose 3*w = r + 4 + 7, 28 = 4*w - 4*r. Suppose -2 = -4*d + w. List the prime factors of 0 - 9*(-1)/d.
3
Suppose 3*v - 20 = -2*v. Let h = v - -2. What are the prime factors of h?
2, 3
Let h = 1 + 0. Let k be -2*h/(-1 - -2). What are the prime factors of k/(-3)*30/2?
2, 5
Suppose 12 = 5*k - 53. Suppose 4*m - k - 7 = 0. Suppose 68 = m*g + 8. List the prime factors of g.
2, 3
Let g(a) = a**3 + 5*a**2 - 6*a. Let s be g(-6). Suppose 0 = 4*x - 5*w - 86, -70 = -3*x - s*w + w. List the prime factors of x.
2, 3
Let d(o) = -7*o - 12. Let z be d(-8). Let y = 73 - z. What are the prime factors of y?
29
Suppose -3*a = -2*a - 5, t + a = 9. Suppose -t*y = -2*y - 80. What are the prime factors of y?
2, 5
Suppose 3*a = 3*q + 153, -q - 2*a + 47 = -2*q. What are the prime factors of (-1 - q) + -2 + 2?
2, 3
What are the prime factors of (-6)/(((-105)/(-160))/(-7))?
2
Suppose -b = 2*o - 53, b + 3*o - 34 - 22 = 0. List the prime factors of (-2)/(-6) - b/(-3).
2
Let s(b) = b**3 + 11*b**2 - 13*b + 9. What are the prime factors of s(-10)?
239
Suppose c + 18 = 3*c. Suppose 0*r + r = c. Suppose 0 = -l + 2*x - 6, 3*l - 5*x + 5 + r = 0. List the prime factors of l.
2
Suppose -3*h = 0, -4*g = -3*g - 2*h. Suppose -48 = -3*x - g. Suppose 0*n = n - x. What are the prime factors of n?
2
List the prime factors of (-27)/(-6)*16/3.
2, 3
Suppose -5*w + 3*w = -120. List the prime factors of w.
2, 3, 5
Let g(y) = y**3 + y**2 - y + 39. What are the prime factors of g(0)?
3, 13
Let o(v) = -6*v + 76. Let a(l) = 2*l - 25. Let j(m) = 7*a(m) + 2*o(m). List the prime factors of j(17).
11
Suppose 0*l - 8 = -2*l. List the prime factors of (-8 - -6)*(-38)/l.
19
Suppose -n - y + 199 = 2*n, -272 = -4*n + 2*y. List the prime factors of n.
67
Let o be (-3)/5 - (-88)/5. Suppose -2*i = -3*i + o. What are the prime factors of i?
17
Let n = 75 + -47. What are the prime factors of n?
2, 7
Let l be -3 - 2*3/(-6). Let u be (-8)/(-6)*(-6)/l. Suppose -3*x + 33 = s, 0*x + u*x = s + 37. List the prime factors of x.
2, 5
Suppose -5*r + 3*y = y + 15, -3*r - 28 = -5*y. Let a = -1 - r. Suppose 2 = w - a. List the prime factors of w.
2
Suppose 2*v + 2*p + 2 = -p, 3*p - 3 = -3*v. Let h be (-3 + v)*2*3. What are the prime factors of (h/(6/(-3)))/(-1)?
2, 3
Let n(o) = 4*o**2 - 4*o + 3. Let u(g) = 2*g**3 - g + 1. Let l be u(1). Let m be n(l). List the prime factors of m + 2 - 2*1.
11
List the prime factors of ((-27)/18)/((-2)/164*1).
3, 41
Let y = 397 + -114. List the prime factors of y.
283
Suppose -35 = -5*u + 3*i, -3*i - 11 = 3*u - 2*u. Let c be u/(-18) + 47/9. Suppose -5*b = -3*b - c*x - 8, 3*b = 3*x + 12. List the prime factors of b.
2
Let o be 0/(-3*1/3). Suppose 2*m - 11 = m. Let j = o + m. What are the prime factors of j?
11
Suppose -3*f - 2*s + 118 = -0*f, -16 = 4*s. What are the prime factors of 792/f - (-2)/14?
19
Suppose 11 = 4*i + 3, -66 = -2*q - i. What are the prime f